e greatest common divisor of 302 and 4089231?
151
Calculate the highest common factor of 78246 and 2142.
126
What is the greatest common divisor of 308997 and 1539?
171
Calculate the greatest common divisor of 7040 and 680.
40
Calculate the highest common factor of 7896 and 145089.
987
What is the highest common factor of 321194 and 615?
41
What is the greatest common divisor of 157 and 1517405?
157
Calculate the highest common factor of 281 and 1086346.
281
Calculate the greatest common factor of 76126 and 153.
17
What is the greatest common factor of 6513943 and 386?
193
Calculate the highest common divisor of 21060 and 520.
260
Calculate the greatest common factor of 2800 and 2870.
70
Calculate the greatest common divisor of 474 and 834082.
158
Calculate the highest common factor of 88255 and 38.
19
Calculate the greatest common divisor of 14161751 and 337.
337
Calculate the greatest common factor of 4308 and 168.
12
What is the highest common divisor of 187 and 128282?
187
Calculate the greatest common divisor of 2340 and 4940.
260
What is the highest common divisor of 1536 and 2032?
16
What is the greatest common divisor of 72498 and 6837?
129
Calculate the greatest common factor of 48282 and 2808.
78
What is the greatest common divisor of 132960 and 20?
20
Calculate the greatest common factor of 2112 and 9528.
24
Calculate the greatest common divisor of 1944117 and 21.
21
Calculate the highest common divisor of 1558935 and 101.
101
Calculate the greatest common factor of 7068 and 24924.
372
Calculate the greatest common divisor of 14661 and 5611.
181
Calculate the highest common divisor of 5263 and 155951.
277
Calculate the greatest common factor of 299 and 4550.
13
Calculate the greatest common factor of 1169227 and 31.
31
Calculate the highest common factor of 1151569 and 1.
1
Calculate the highest common factor of 17758 and 39.
13
Calculate the highest common divisor of 157 and 101265.
157
Calculate the highest common factor of 30536 and 671.
11
What is the highest common divisor of 1687 and 63?
7
Calculate the highest common divisor of 20445 and 4.
1
What is the highest common factor of 957382 and 1384?
346
What is the highest common factor of 15075 and 900?
225
What is the greatest common divisor of 2018359 and 2499?
833
Calculate the highest common factor of 528 and 190784.
176
What is the greatest common divisor of 137775 and 1050?
75
Calculate the greatest common factor of 1964475 and 225.
225
Calculate the highest common factor of 3971 and 361.
361
What is the highest common factor of 115 and 278300?
115
What is the greatest common divisor of 1134 and 2583?
63
Calculate the highest common factor of 921 and 267.
3
What is the greatest common divisor of 57904 and 2640?
176
What is the highest common divisor of 225381 and 39?
39
Calculate the highest common factor of 40344 and 1992.
24
What is the greatest common divisor of 15 and 56955?
15
What is the greatest common factor of 8188 and 23?
23
Calculate the greatest common factor of 56 and 159278.
14
Calculate the greatest common divisor of 6064 and 6024.
8
What is the greatest common factor of 11098 and 186?
62
What is the highest common divisor of 152 and 438463?
19
Calculate the highest common divisor of 6 and 9230988.
6
What is the greatest common factor of 1252320 and 40?
40
What is the greatest common divisor of 36285 and 462855?
885
What is the highest common divisor of 69 and 3817103?
23
Calculate the greatest common divisor of 11341938 and 258.
258
What is the highest common divisor of 141670 and 5735?
155
Calculate the highest common divisor of 438 and 55845.
219
What is the highest common factor of 495142 and 34?
34
Calculate the highest common divisor of 75899 and 142.
71
Calculate the greatest common divisor of 2408 and 172000.
344
Calculate the greatest common factor of 35 and 195905.
5
Calculate the highest common factor of 36 and 17188.
4
What is the highest common divisor of 128 and 1025344?
64
Calculate the greatest common divisor of 464 and 2172.
4
What is the highest common divisor of 17820963 and 387?
387
Calculate the highest common divisor of 30738 and 3431.
47
Calculate the greatest common divisor of 1789049 and 127.
127
What is the highest common divisor of 15701 and 49?
7
Calculate the greatest common divisor of 438 and 5544934.
146
What is the highest common factor of 5400 and 58536?
216
What is the highest common divisor of 5222138 and 1191?
397
What is the highest common factor of 52 and 2012465?
13
What is the greatest common divisor of 989 and 33419?
23
Calculate the highest common factor of 6634 and 1674.
62
What is the highest common divisor of 464352 and 672?
672
What is the greatest common divisor of 74863 and 43?
43
What is the highest common factor of 10028 and 184?
92
What is the highest common factor of 1 and 281279?
1
Calculate the highest common divisor of 10150 and 2275.
175
Calculate the highest common factor of 2536688 and 568.
568
What is the highest common divisor of 160 and 34520?
40
What is the greatest common factor of 560 and 134960?
560
Calculate the highest common factor of 977766 and 1712.
214
Calculate the greatest common divisor of 428 and 21507.
107
Calculate the highest common divisor of 1313 and 23937.
101
Calculate the highest common divisor of 20 and 341625.
5
What is the greatest common factor of 2765 and 173405?
395
What is the greatest common factor of 1242608 and 592?
592
What is the highest common factor of 122 and 405101?
61
Calculate the greatest common factor of 3080 and 45.
5
Calculate the greatest common factor of 76 and 60211.
19
What is the highest common divisor of 46 and 14?
2
What is the greatest common divisor of 24790 and 296?
74
Calculate the highest common factor of 23 and 52463.
23
Calculate the highest common factor of 52 and 53079.
13
What is the greatest common divisor of 17279 and 370?
37
What is the highest common factor of 588 and 202?
2
Calculate the greatest common divisor of 1558115 and 130.
65
What is the greatest common factor of 448324 and 8?
4
What is the greatest common divisor of 1204 and 1162?
14
Calculate the greatest common divisor of 135 and 163755.
135
Calculate the greatest common divisor of 5900 and 6372.
236
Calculate the highest common factor of 2810844 and 72.
36
What is the highest common factor of 13 and 12272?
13
Calculate the highest common factor of 77 and 2135441.
77
Calculate the highest common factor of 1508 and 12740.
52
Calculate the highest common factor of 22568 and 17236.
124
Calculate the greatest common factor of 690 and 485346.
138
Calculate the greatest common factor of 273590 and 872.
218
What is the greatest common divisor of 664 and 8730936?
664
What is the highest common divisor of 117 and 100620?
117
Calculate the greatest common factor of 50685 and 1090.
545
What is the greatest common divisor of 191102 and 10486?
214
Calculate the highest common factor of 30 and 201030.
30
What is the highest common factor of 595 and 188195?
35
Calculate the greatest common factor of 308600 and 400.
200
Calculate the greatest common divisor of 20510 and 105.
35
Calculate the highest common divisor of 589 and 11873.
31
Calculate the greatest common factor of 504 and 94176.
72
What is the greatest common divisor of 8 and 11836?
4
Calculate the highest common divisor of 1680419 and 26.
13
What is the highest common divisor of 147606 and 18834?
438
What is the greatest common divisor of 356636 and 56?
28
What is the highest common factor of 260 and 37570?
130
Calculate the highest common divisor of 12 and 825.
3
Calculate the highest common factor of 829 and 504032.
829
Calculate the highest common factor of 1735 and 432709.
347
Calculate the greatest common factor of 3940 and 3610.
10
Calculate the highest common divisor of 29624 and 728.
56
Calculate the highest common divisor of 150993 and 114.
57
What is the highest common factor of 71302 and 4167?
463
What is the highest common divisor of 26781 and 21696?
339
Calculate the highest common divisor of 360 and 164700.
180
What is the highest common divisor of 526 and 5219498?
526
What is the greatest common factor of 42904 and 2976?
248
What is the greatest common factor of 271030 and 2?
2
Calculate the greatest common 